Is 4175235 a multiple of 657?
True
Is 150 a factor of 8952237?
False
Does 65 divide 5769860?
False
Does 814 divide 2926330?
True
Does 350 divide 3579450?
True
Is 23 a factor of 43677?
True
Is 41242204 a multiple of 116?
False
Is 5969542 a multiple of 335?
False
Is 332 a factor of 1740144?
False
Does 283 divide 8778094?
True
Does 174 divide 80605?
False
Is 4 a factor of 147901?
False
Is 9 a factor of 70951?
False
Does 6 divide 7300?
False
Does 33 divide 347193?
True
Is 1268420 a multiple of 15?
False
Is 2670216 a multiple of 124?
True
Is 399 a factor of 1385538?
False
Is 8491 a multiple of 79?
False
Does 17 divide 339195?
False
Is 12 a factor of 11232?
True
Does 26 divide 78684?
False
Does 460 divide 359720?
True
Does 32 divide 677696?
True
Is 18 a factor of 80046?
True
Does 22 divide 187278?
False
Is 79 a factor of 9719611?
False
Does 6 divide 404496?
True
Does 32 divide 3217120?
True
Is 790 a factor of 1700562?
False
Does 157 divide 266338?
False
Is 34 a factor of 200872?
True
Does 85 divide 4158455?
True
Is 687344 a multiple of 119?
True
Is 311918 a multiple of 3?
False
Is 29 a factor of 544302?
False
Does 18 divide 4930454?
False
Is 78 a factor of 6025656?
True
Is 121344 a multiple of 256?
True
Is 507794 a multiple of 161?
True
Is 207353 a multiple of 101?
True
Is 318 a factor of 324587?
False
Is 33 a factor of 2597035?
False
Does 28 divide 2287898?
False
Does 243 divide 123687?
True
Is 1188717 a multiple of 459?
False
Is 16 a factor of 1115376?
True
Is 1329 a factor of 3325820?
False
Is 2304777 a multiple of 463?
False
Is 98 a factor of 99078?
True
Does 998 divide 836709?
False
Does 12 divide 312612?
True
Does 41 divide 266500?
True
Does 133 divide 407032?
False
Is 52685 a multiple of 5?
True
Is 30 a factor of 90180?
True
Is 286184 a multiple of 332?
True
Does 12 divide 6279668?
False
Does 45 divide 597079?
False
Does 23 divide 217718?
True
Is 403 a factor of 3770065?
True
Is 108371 a multiple of 4?
False
Does 29 divide 153621?
False
Is 362818 a multiple of 127?
False
Does 196 divide 2203040?
True
Is 531315 a multiple of 45?
True
Does 5 divide 63180?
True
Is 22 a factor of 103862?
True
Is 1850 a factor of 4566187?
False
Is 854864 a multiple of 202?
True
Does 11 divide 177441?
True
Is 464 a factor of 676512?
True
Does 79 divide 61225?
True
Does 715 divide 2072107?
False
Is 894668 even?
True
Is 129 a factor of 480783?
True
Is 8 a factor of 11069?
False
Is 3 a factor of 14376?
True
Is 531921 a multiple of 92?
False
Is 75100 a multiple of 10?
True
Does 241 divide 54225?
True
Is 28 a factor of 177996?
True
Is 17 a factor of 47022?
True
Is 181085 a multiple of 208?
False
Is 10 a factor of 1053117?
False
Does 8 divide 11512?
True
Is 20 a factor of 341262?
False
Does 37 divide 147445?
True
Is 4 a factor of 4900?
True
Is 11 a factor of 37917?
True
Does 99 divide 2692751?
False
Is 11 a factor of 136456?
False
Is 361836 a multiple of 400?
False
Is 5 a factor of 2800230?
True
Is 375 a factor of 12251250?
True
Is 35 a factor of 3440115?
True
Is 4294176 a multiple of 1091?
True
Is 240 a factor of 2362560?
True
Is 71 a factor of 54812?
True
Is 111 a factor of 148962?
True
Is 14355385 a multiple of 38?
False
Is 61 a factor of 867176?
True
Is 3369670 a multiple of 44?
False
Is 197 a factor of 9575625?
False
Is 749471 a multiple of 77?
False
Does 156 divide 7211100?
True
Is 44 a factor of 9984214?
False
Does 1247 divide 1485177?
True
Is 8 a factor of 5066104?
True
Is 31 a factor of 522040?
True
Is 5 a factor of 25905?
True
Is 91 a factor of 486247?
False
Does 38 divide 602642?
True
Does 263 divide 1054630?
True
Is 221097 a multiple of 248?
False
Does 9 divide 13944339?
True
Does 8 divide 681000?
True
Does 24 divide 69528?
True
Is 30 a factor of 5390700?
True
Is 9 a factor of 3064518?
True
Does 84 divide 187972?
False
Does 37 divide 1425213?
False
Is 7249220 a multiple of 794?
True
Is 315948 a multiple of 50?
False
Does 125 divide 52250?
True
Is 127 a factor of 22828?
False
Is 814 a factor of 2810589?
False
Does 432 divide 3019770?
False
Is 141571 a multiple of 565?
False
Is 34 a factor of 156298?
True
Is 32800 a multiple of 80?
True
Is 11 a factor of 54516?
True
Does 13 divide 2153943?
False
Is 4950672 a multiple of 104?
False
Does 15 divide 488460?
True
Does 1216 divide 3823919?
False
Does 6 divide 57006?
True
Is 252 a factor of 243330?
False
Is 851268 a multiple of 44?
True
Is 36391227 a multiple of 14?
False
Is 161 a factor of 833658?
True
Is 24 a factor of 41472?
True
Does 53 divide 4763533?
False
Is 62264 a multiple of 181?
True
Is 188991 a multiple of 103?
False
Does 1131 divide 685386?
True
Is 418800 a multiple of 50?
True
Is 2352 a multiple of 4?
True
Does 9 divide 5683763?
False
Is 14 a factor of 505943?
False
Is 2303475 a multiple of 15?
True
Is 332996 a multiple of 68?
True
Does 21 divide 9273369?
True
Is 383603 a multiple of 577?
False
Is 14919624 a multiple of 12?
True
Does 1106 divide 3659754?
True
Does 124 divide 72664?
True
Is 1277609 a multiple of 961?
False
Is 64 a factor of 166914?
False
Is 19 a factor of 566542?
True
Is 6577494 a multiple of 759?
True
Is 696538 a multiple of 873?
False
Does 1921 divide 8753997?
True
Is 480471 a multiple of 17?
True
Does 30 divide 1089120?
True
Is 3 a factor of 11305?
False
Is 121 a factor of 253577?
False
Is 147898 a multiple of 146?
True
Is 276 a factor of 1181467?
False
Is 14 a factor of 4336276?
True
Does 36 divide 437004?
True
Is 8 a factor of 704968?
True
Is 16 a factor of 71424?
True
Is 729361 a multiple of 14?
False
Does 19 divide 822901?
False
Is 11 a factor of 440341?
True
Is 415 a factor of 1675426?
False
Is 248 a factor of 370016?
True
Is 460018 a multiple of 305?
False
Is 240 a factor of 1584120?
False
Does 76 divide 728626?
False
Is 10 a factor of 114734?
False
Is 224643 a multiple of 2?
False
Is 356 a factor of 226546?
False
Is 1828033 a multiple of 27?
False
Is 739756 a multiple of 2?
True
Does 22 divide 9614?
True
Is 950270 a multiple of 153?
False
Is 117561 a multiple of 68?
False
Is 114 a factor of 9631290?
True
Is 442 a factor of 10785983?
False
Is 10114348 a multiple of 10?
False
Is 11408190 a multiple of 211?
False
Is 11098661 a multiple of 151?
False
Does 2 divide 101164?
True
Is 147749 a multiple of 120?
False
Is 1919280 a multiple of 88?
True
Is 9 a factor of 710871?
False
Is 409 a factor of 672396?
True
Is 133 a factor of 2222430?
True
Does 5 divide 132443?
False
Is 495300 a multiple of 260?
True
Is 9 a factor of 249990?
False
Is 488380 a multiple of 5?
True
Does 18 divide 455547?
False
Does 324 divide 99144?
True
Is 333 a factor of 84093?
False
Is 861609 a multiple of 89?
True
Is 26 a factor of 497128?
False
Is 4340 even?
True
Is 57273 a multiple of 39?
False
Is 4100830 a multiple of 484?
False
Is 83 a factor of 15272?
True
Is 503988 a multiple of 9?
False
Does 282 divide 814915?
False
Is 329 a factor of 110564?
False
Is 122 a factor of 22344910?
True
Does 10 divide 145337?
False
Is 101 a factor of 3438711?
False
Is 399420 a multiple of 252?
True
Is 119 a factor of 49406?
False
Is 114840 a multiple of 30?
True
Is 6 a factor of 14478893?
False
Is 11 a factor of 63456?
False
Is 326700 a multiple of 99?
True
Is 573286 a multiple of 69?
False
Does 9 divide 4023317?
False
Is 47941 a multiple of 76?
False
Is 6 a factor of 569820?
True
Is 48 a factor of 24624?
True
Is 40608 a multiple of 24?
True
Is 253 a factor of 2466497?
True
Is 36 a factor of 1224013?
False
Is 41336 even?
True
Does 76 divide 3373716?
True
Is 198 a factor of 180180?
True
Is 111440 a multiple of 16?
True
Does 123 divide 104923?
False
Is 266 a factor of 289408?
True
Is 1996610 a multiple of 770?
True
Is 12 a factor of 115296?
True
Does 9 divide 25398?
True
Is 253886 a multiple of 15?
False
Does 14 divide 2653014?
True
Does 32 divide 98876?
False
Is 1884990 a multiple of 266?
False
Does 3 divide 23075?
False
Does 40 divide 420045?
False
Is 8178432 a multiple of 69?
True
Is 38 a factor of 335651?
False
Is 3218593 a multiple of 17?
True
Is 2598323 a multiple of 105?
False
Is 66 a factor of 30954?
True
Is 152 a factor of 173985?
False
Does 14 divide 9058?
True
Is 68 a factor of 95132?
True
Is 400 a factor of 649600?
True
Does 38 divide 71250?
True
Does 15 divide 575610?
True
Is 9240 a multiple of 12?
True
Is 128188 a